 digit of 1169538?
6
What is the units digit of 975322?
2
What is the ten thousands digit of 1144757?
4
What is the thousands digit of 1333302?
3
What is the units digit of 1122887?
7
What is the ten thousands digit of 56531?
5
What is the units digit of 614207?
7
What is the hundreds digit of 298499?
4
What is the ten thousands digit of 223528?
2
What is the units digit of 253263?
3
What is the hundreds digit of 6530231?
2
What is the millions digit of 1160748?
1
What is the hundred thousands digit of 2377881?
3
What is the hundreds digit of 1267834?
8
What is the hundreds digit of 524254?
2
What is the millions digit of 1574832?
1
What is the hundred thousands digit of 11305036?
3
What is the thousands digit of 967071?
7
What is the hundred thousands digit of 3053550?
0
What is the hundreds digit of 422110?
1
What is the millions digit of 1154227?
1
What is the ten thousands digit of 324385?
2
What is the hundreds digit of 17968428?
4
What is the units digit of 19096642?
2
What is the tens digit of 2655360?
6
What is the thousands digit of 52560?
2
What is the thousands digit of 31929161?
9
What is the ten thousands digit of 29181?
2
What is the millions digit of 1053899?
1
What is the thousands digit of 821442?
1
What is the hundred thousands digit of 179153?
1
What is the ten millions digit of 13540411?
1
What is the hundred thousands digit of 179794?
1
What is the thousands digit of 5662841?
2
What is the millions digit of 1387540?
1
What is the millions digit of 2292912?
2
What is the tens digit of 83698?
9
What is the millions digit of 1555220?
1
What is the ten thousands digit of 9735260?
3
What is the units digit of 10579365?
5
What is the millions digit of 6271834?
6
What is the hundred thousands digit of 219540?
2
What is the hundreds digit of 2281682?
6
What is the hundreds digit of 1777884?
8
What is the thousands digit of 994101?
4
What is the hundred thousands digit of 6969821?
9
What is the hundreds digit of 2443802?
8
What is the units digit of 369524?
4
What is the ten thousands digit of 769672?
6
What is the units digit of 100459?
9
What is the hundred thousands digit of 1480065?
4
What is the hundreds digit of 1096300?
3
What is the thousands digit of 10232531?
2
What is the thousands digit of 188520?
8
What is the units digit of 213212?
2
What is the ten thousands digit of 156894?
5
What is the units digit of 148709?
9
What is the units digit of 1748104?
4
What is the units digit of 20966253?
3
What is the hundreds digit of 207642?
6
What is the units digit of 81090?
0
What is the tens digit of 13194448?
4
What is the thousands digit of 2776527?
6
What is the ten thousands digit of 407272?
0
What is the millions digit of 4651222?
4
What is the hundred thousands digit of 1277497?
2
What is the ten thousands digit of 1261691?
6
What is the tens digit of 4651432?
3
What is the thousands digit of 96943?
6
What is the hundred thousands digit of 428890?
4
What is the hundred thousands digit of 231971?
2
What is the thousands digit of 1908922?
8
What is the units digit of 6763866?
6
What is the hundreds digit of 1391668?
6
What is the millions digit of 8370404?
8
What is the units digit of 12504?
4
What is the hundred thousands digit of 735597?
7
What is the millions digit of 3584065?
3
What is the ten thousands digit of 558044?
5
What is the hundred thousands digit of 30773645?
7
What is the tens digit of 586453?
5
What is the units digit of 17778194?
4
What is the ten thousands digit of 835187?
3
What is the millions digit of 2025178?
2
What is the tens digit of 188596?
9
What is the tens digit of 539907?
0
What is the ten thousands digit of 12252487?
5
What is the thousands digit of 107882?
7
What is the hundred thousands digit of 13035198?
0
What is the tens digit of 157770?
7
What is the units digit of 241206?
6
What is the ten millions digit of 25421819?
2
What is the thousands digit of 156728?
6
What is the millions digit of 1832496?
1
What is the hundred thousands digit of 3353974?
3
What is the thousands digit of 5072203?
2
What is the millions digit of 2832665?
2
What is the millions digit of 3176899?
3
What is the hundreds digit of 2413832?
8
What is the thousands digit of 34565551?
5
What is the ten thousands digit of 4163812?
6
What is the hundreds digit of 102797?
7
What is the thousands digit of 126880?
6
What is the ten thousands digit of 9087947?
8
What is the hundred thousands digit of 127086?
1
What is the hundred thousands digit of 286800?
2
What is the thousands digit of 95393?
5
What is the thousands digit of 7102606?
2
What is the hundred thousands digit of 202362?
2
What is the hundreds digit of 1463887?
8
What is the hundred thousands digit of 417419?
4
What is the thousands digit of 1040930?
0
What is the hundred thousands digit of 1902189?
9
What is the millions digit of 26048035?
6
What is the hundred thousands digit of 11346822?
3
What is the hundreds digit of 1700946?
9
What is the hundreds digit of 151510?
5
What is the thousands digit of 8341713?
1
What is the ten thousands digit of 465834?
6
What is the hundred thousands digit of 2210677?
2
What is the thousands digit of 147030?
7
What is the ten thousands digit of 175415?
7
What is the units digit of 33605?
5
What is the tens digit of 456822?
2
What is the ten millions digit of 19433673?
1
What is the hundreds digit of 1666089?
0
What is the ten thousands digit of 105734?
0
What is the hundreds digit of 56609?
6
What is the millions digit of 2431758?
2
What is the thousands digit of 1118618?
8
What is the hundreds digit of 370919?
9
What is the hundred thousands digit of 7316596?
3
What is the thousands digit of 3704645?
4
What is the units digit of 339873?
3
What is the ten thousands digit of 645440?
4
What is the hundred thousands digit of 12091740?
0
What is the units digit of 10735928?
8
What is the millions digit of 6554430?
6
What is the hundred thousands digit of 132361?
1
What is the units digit of 759814?
4
What is the units digit of 8900000?
0
What is the thousands digit of 1360768?
0
What is the thousands digit of 597981?
7
What is the ten thousands digit of 144034?
4
What is the ten millions digit of 10806755?
1
What is the tens digit of 653207?
0
What is the hundred thousands digit of 670418?
6
What is the hundred thousands digit of 209131?
2
What is the millions digit of 2611819?
2
What is the hundreds digit of 2152710?
7
What is the ten millions digit of 33121542?
3
What is the tens digit of 453874?
7
What is the ten thousands digit of 12368941?
6
What is the thousands digit of 108699?
8
What is the tens digit of 1484210?
1
What is the units digit of 1542780?
0
What is the hundreds digit of 187578?
5
What is the units digit of 181426?
6
What is the thousands digit of 1085470?
5
What is the thousands digit of 1562156?
2
What is the hundreds digit of 14788690?
6
What is the tens digit of 597741?
4
What is the hundred thousands digit of 174616?
1
What is the ten millions digit of 17604118?
1
What is the units digit of 2813640?
0
What is the thousands digit of 43078?
3
What is the ten millions digit of 32112092?
3
What is the units digit of 204394?
4
What is the millions digit of 14672753?
4
What is the hundred thousands digit of 291873?
2
What is the ten thousands digit of 13014?
1
What is the tens digit of 2777?
7
What is the hundreds digit of 147260?
2
What is the thousands digit of 189067?
9
What is the tens digit of 694811?
1
What is the ten thousands digit of 1495160?
9
What is the thousands digit of 1943474?
3
What is the ten thousands digit of 141659?
4
What is the thousands digit of 244326?
4
What is the ten thousands digit of 43752?
4
What is the hundreds digit of 191525?
5
What is the thousands digit of 8306741?
6
What is the units digit of 10108088?
8
What is the tens digit of 1069121?
2
What is the hundreds digit of 1841371?
3
What is the ten millions digit of 12561317?
1
What is the hundred thousands digit of 4785843?
7
What is the thousands digit of 411326?
1
What is the hundreds digit of 10265229?
2
What is the hundreds digit of 25423664?
6
What is the thousands digit of 19825424?
5
What is the units digit of 89881?
1
What is the tens digit of 7173083?
8
What is the tens digit of 40119589?
8
What is the ten thousan